{"id":52,"date":"2021-06-26T11:21:51","date_gmt":"2021-06-26T11:21:51","guid":{"rendered":"http:\/\/peterdashuber.de\/?page_id=52"},"modified":"2024-03-29T19:40:25","modified_gmt":"2024-03-29T19:40:25","slug":"impressum","status":"publish","type":"page","link":"https:\/\/peterdashuber.de\/impressum\/","title":{"rendered":"Impressum"},"content":{"rendered":"<p><span style=\"width: 100%;\"><img decoding=\"async\" alt=\"\" width=\"200\" height=\"76\" title=\"Logo\" data-id=\"13\" src=\"\/\/peterdashuber.de\/wp-content\/uploads\/2021\/06\/Facebook-Cover-scaled.jpg\" style=\"aspect-ratio: auto 2560 \/ 974;\" data-width=\"200\" data-height=\"76\" data-init-width=\"2560\" data-init-height=\"974\" loading=\"lazy\"><\/span><\/p>\n<h1 style=\"text-align: center;\"><strong><strong>Impressum<\/strong><\/strong><\/h1>\n<p><strong>Herr Peter Dashuber<\/strong>Landsbergerstr. 30280687 M\u00fcnchenE-Mail: kontakt@peterdashuber.deWebsite: https:\/\/peterdashuber.de\/&nbsp;<\/p>\n<p>Telefon: +49 89 20000626Fax: +49 89 20001335<strong>Verantwortlich f\u00fcr redaktionelle Inhalte<\/strong>Herr Peter Dashuber<strong>Umsatzsteuer-Identifikationsnummer<\/strong>DE348151585<strong>Verbraucher-Streitschlichtung<\/strong>Die EU-Kommission hat eine Internetplattform zur Online-Beilegung von Streitigkeiten betreffend vertraglicher Verpflichtungen aus Online-Vertr\u00e4gen geschaffen (OS-Plattform). Sie k\u00f6nnen die OS-Plattform unter dem folgenden Link erreichen:&nbsp;<a href=\"http:\/\/ec.europa.eu\/consumers\/odr\/\">http:\/\/ec.europa.eu\/consumers\/odr\/<\/a>. Wir sind nicht bereit und nicht verpflichtet an einem Streitbeilegungsverfahren vor einer Verbraucherschlichtungsstelle teilzunehmen.<strong>Haftung f\u00fcr Links<\/strong>Externe Links unserer Internetseite f\u00fchren zu Inhalten fremder Anbieter. F\u00fcr diese Inhalte ist allein der jeweilige Anbieter verantwortlich. Bei bekannt werden von Rechtsverletzungen werden diese Links umgehend entfernt.<strong>Urheberrechtshinweis<\/strong>Die durch uns erstellten Inhalte und Werke auf dieser Website unterliegen dem deutschen Urheberrecht. Die Vervielf\u00e4ltigung, Bearbeitung, Verbreitung und jede Art der Verwertung au\u00dferhalb der Grenzen des Urheberrechtes bed\u00fcrfen der schriftlichen Zustimmung des jeweiligen Autors bzw. Erstellers. Soweit die Inhalte auf dieser Seite nicht von uns selbst erstellt wurden, werden Urheberrechte Dritter beachtet. Insbesondere werden Inhalte Dritter als solche gekennzeichnet. Sollten Sie trotzdem auf eine Urheberrechtsverletzung aufmerksam werden, wird um einen entsprechenden Hinweis gebeten. Bei Bekanntwerden von Rechtsverletzungen werden wir derartige Inhalte umgehend entfernen.<\/p>\n<p>&nbsp;<\/p>\n<h3 style=\"text-align: left;\"><\/h3>\n<p>Copyright \u00a9 2018<span style=\"color: rgb(167, 167, 167);\"><a href=\"\/impressum\" style=\"outline: none;\" target=\"_blank\" rel=\"noopener\">Impressum<\/a> \/ <a href=\"\/Datenschutz\" target=\"_blank\" style=\"outline: none;\" rel=\"noopener\">Datenschutzerkl\u00e4rung<\/a><\/span><\/p>\n<p style=\"text-align: center;\">\n<p style=\"text-align: center;\">This site is not a part of the Facebook website or Facebook Inc. Additionally, This site is NOT endorsed by Facebook in any way. FACEBOOK is a trademark of FACEBOOK, Inc.<\/p>\n","protected":false},"excerpt":{"rendered":"<p>Impressum Herr Peter DashuberLandsbergerstr. 30280687 M\u00fcnchenE-Mail: kontakt@peterdashuber.deWebsite: https:\/\/peterdashuber.de\/&nbsp; Telefon: +49 89 20000626Fax: +49 89 20001335Verantwortlich f\u00fcr redaktionelle InhalteHerr Peter DashuberUmsatzsteuer-IdentifikationsnummerDE348151585Verbraucher-StreitschlichtungDie EU-Kommission hat eine Internetplattform zur Online-Beilegung von Streitigkeiten betreffend vertraglicher Verpflichtungen aus Online-Vertr\u00e4gen geschaffen (OS-Plattform). Sie k\u00f6nnen die OS-Plattform unter dem folgenden Link erreichen:&nbsp;http:\/\/ec.europa.eu\/consumers\/odr\/. Wir sind nicht bereit und nicht verpflichtet an einem Streitbeilegungsverfahren vor&hellip; <a class=\"more-link\" href=\"https:\/\/peterdashuber.de\/impressum\/\"><span class=\"screen-reader-text\">Impressum<\/span> weiterlesen<\/a><\/p>\n","protected":false},"author":1,"featured_media":0,"parent":0,"menu_order":0,"comment_status":"closed","ping_status":"closed","template":"","meta":{"footnotes":""},"class_list":["post-52","page","type-page","status-publish","hentry","entry"],"_links":{"self":[{"href":"https:\/\/peterdashuber.de\/impressum\/wp-json\/wp\/v2\/pages\/52","targetHints":{"allow":["GET"]}}],"collection":[{"href":"https:\/\/peterdashuber.de\/impressum\/wp-json\/wp\/v2\/pages"}],"about":[{"href":"https:\/\/peterdashuber.de\/impressum\/wp-json\/wp\/v2\/types\/page"}],"author":[{"embeddable":true,"href":"https:\/\/peterdashuber.de\/impressum\/wp-json\/wp\/v2\/users\/1"}],"replies":[{"embeddable":true,"href":"https:\/\/peterdashuber.de\/impressum\/wp-json\/wp\/v2\/comments?post=52"}],"version-history":[{"count":45,"href":"https:\/\/peterdashuber.de\/impressum\/wp-json\/wp\/v2\/pages\/52\/revisions"}],"predecessor-version":[{"id":293,"href":"https:\/\/peterdashuber.de\/impressum\/wp-json\/wp\/v2\/pages\/52\/revisions\/293"}],"wp:attachment":[{"href":"https:\/\/peterdashuber.de\/impressum\/wp-json\/wp\/v2\/media?parent=52"}],"curies":[{"name":"wp","href":"https:\/\/api.w.org\/{rel}","templated":true}]}}